f 7*m**3/6 + 242*m. Give w(-1).
-7
Let o(n) = 17*n**2 + 9*n - 11. Let r(a) be the third derivative of -2*a**5/15 - a**4/6 + 5*a**3/6 - 12*a**2. Let g(i) = 4*o(i) + 9*r(i). What is g(1)?
-3
Let w(o) = -12*o + 3. Let a be w(2). Let u be 1/(-2 - a/12). Let t(n) be the third derivative of -n**6/120 - n**5/15 - n**4/8 - 2*n**3/3 - n**2. Calculate t(u).
8
Suppose 4*d + 5 = 13. Let w(n) = n**3 + n**2 - 2*n + 1. What is w(d)?
9
Suppose 5*y - 15 = 2*y, 4*u - 3*y + 99 = 0. Let m = 37 + u. Let l be 0*(-4)/m + -2. Let x(c) = c**2 + 2*c + 1. Determine x(l).
1
Let h(l) = -l**2 + 2*l + 1. Let m(g) = -6*g**2 + 20*g - 3. Let q(y) = -5*h(y) + m(y). Give q(6).
16
Let g(k) = k**3 - 9*k**2 - 12*k + 5. Let h(v) = 10*v - 50. Let y be h(6). Determine g(y).
-15
Suppose -72*m = 29*m + 75 + 127. Let o(u) = -10*u - 8. Let g(x) = 9*x + 7. Let y(d) = 6*g(d) + 5*o(d). Give y(m).
-6
Let w(o) be the third derivative of o**4/8 - o**3/2 - 2229*o**2. Let q = -2 - -2. Suppose -a - 15 = -4*j - 2*a, j + 5*a - 18 = q. Give w(j).
6
Let j = 68 - 69. Let y(u) = -4*u - 1. Let q(f) = f**3 + f. Let b(i) = -4*q(i) - y(i). Determine b(j).
5
Let h be (-2 - -4) + -1 + 6/(-3). Let o(x) = -4*x**2 + x + 1. Calculate o(h).
-4
Let a(s) = -s**3 + 5*s**2 - s + 1. Let x(u) = 2*u**3 - 10*u**2 + 2*u - 1. Let m(g) = 5*a(g) + 2*x(g). What is m(5)?
-2
Suppose 5*w - 33 = 7. Let u(h) = h - 25. Let a(d) = -d + 20. Let n(b) = -6*a(b) - 5*u(b). What is n(w)?
13
Let s(g) = -g**3 - 5*g**2 - g - 3. Let x(u) = 13*u**2 + u - 1. Let v be x(1). Suppose -10*m = -v*m + 24. Let j = m + -13. Determine s(j).
2
Let w(y) be the second derivative of -y**5/60 - 5*y**4/24 - y**3/3 + 16*y**2 + 17*y. Let g(u) be the first derivative of w(u). Calculate g(-3).
4
Let t be (-171)/180 - (-1 + 0). Let h(q) be the second derivative of -5/2*q**2 + t*q**5 + 1/6*q**3 - 1/12*q**4 + 0 + q. Calculate h(0).
-5
Let y(c) = -c + 1. Let g(x) = -x**2 + 9*x - 1. Let o be g(10). Let q = 12 + o. Let j be (1 - q)/(1 - 3). Calculate y(j).
1
Let l(r) = 28*r - 15 - 48*r + 24*r. What is l(10)?
25
Let h(w) = -2*w - 1. Let c(x) be the first derivative of x**2 + 6*x + 4. Suppose 6 = 2*v + 3*m + 2, 0 = m - 4. Let o be c(v). Give h(o).
3
Suppose 3 = -4*o + 5*o. Let p(q) = 277*q**3 - 5 - 278*q**3 + q - q**2 - o*q**2. Give p(-4).
-9
Let o(j) be the first derivative of -j**2/2 + 13*j + 7. Let k be (-4 + 0)*9/(-18). Suppose 5*u = -k*m + 30, -2*m + 8 = u + 2. Determine o(u).
7
Let i(u) = 1 + 1 - u - 1. Suppose -21 = 25*q + 25*q - 171. Determine i(q).
-2
Let p(o) = -2*o**2 + 13 + 3001*o - 2990*o + 3*o**2. Calculate p(-7).
-15
Let n(c) be the first derivative of -5*c**2/2 - 6*c - 7. Let a(r) = 6*r + 6. Let p(z) = -3*a(z) - 4*n(z). What is p(5)?
16
Let z(h) be the first derivative of 1 + 4*h + 5/2*h**2. Give z(-5).
-21
Let x = 32 - 19. Let v = 13 - x. Let a(u) = u**2 - u - 12. What is a(v)?
-12
Let r(y) = -15*y**3 + 3*y - 21*y**3 - y**2 - 2 + 38*y**3. Let s(d) = 2*d**2. Let n be s(1). Give r(n).
16
Let u(k) = 4*k**2 - 5 - k**2 - 2*k**2. Suppose -j - q + 17 = -3*q, 3*j - 3*q = 42. Let d be (-6)/(-33) + 1*(-2)/j. Give u(d).
-5
Let n(t) = -t**3 + 2*t**2 + 2*t - 2. Suppose p + 2 - 4 = 0. Let y be n(p). Let m(k) = -k + 5. Let o(u) = 2*u - 11. Let r(z) = -13*m(z) - 6*o(z). Determine r(y).
3
Suppose -2*x + 10 = 2*a, -7*a = -3*a - 5*x + 25. Let h(z) = z**2 + 4 + a*z + 4*z - 1 - z. What is h(-2)?
1
Let j(n) = -2*n + 7. Let u = -2 + 1. Let a be (-8)/(-8)*(-2)/u. Suppose 0*y + a*y = 10. Determine j(y).
-3
Let i(s) = -5*s - 1. Let f(g) = g. Let x(p) = -2*f(p) - i(p). Suppose 3*h = h + 4. Suppose -2*r + h + 2 = 0. What is x(r)?
7
Let a(i) = -162 + 318 - 160 - 4*i. Determine a(4).
-20
Let s(n) = -n + 8. Let x be s(8). Let v = 23 - 21. Let k(b) = b**v - b**3 - 5 + 3 + 5*b - 2 - 4*b. Determine k(x).
-4
Let b(d) = -3*d + 3. Let g(j) = 2*j**2 + 4*j - 8. Let a be g(-4). Let y be a/(2/(-9) - (-32)/(-18)). Give b(y).
15
Let m(f) = f + 7. Let h = 4 - 6. Let u(w) = 3*w + 14. Let b(t) = h*u(t) + 5*m(t). Suppose 3*s - 7*s = -20. What is b(s)?
2
Let b(a) = 2*a - 4. Let z be b(6). Suppose 0 = -5*m + z*m - 12. Let x(v) be the second derivative of -v**3/6 + 3*v**2 - v. Determine x(m).
2
Let y(t) = 0 + 8 + 3 - t. Let i be ((-2)/(-8) + 11/(-44))/2. Give y(i).
11
Let f(p) = -8*p**3 - 5*p**2 + 20*p + 4. Let c(h) = 7*h**3 + 6*h**2 - 19*h - 3. Let u(k) = 7*c(k) + 6*f(k). Calculate u(-13).
3
Let g(p) = -2*p**2 - p. Let r(y) = -y**3 - 5*y**2 + 27*y - 25. Let t(v) = 3*g(v) + r(v). Calculate t(-13).
1
Let v(a) = -47*a + 22 - 19*a + 59*a. What is v(4)?
-6
Let w = 644 + -651. Let m(p) = p. Give m(w).
-7
Let a = 32 + -92. Let p be (a/40)/(1*1/(-2)). Let q(i) = -i**3 + 3*i**2 + 2*i - 1. Calculate q(p).
5
Let g = 2 - -3. Let h(y) = -2 - 4*y + 2 + 1 + g*y. Suppose -4*r - l + 5*l - 4 = 0, r + l + 5 = 0. What is h(r)?
-2
Let h(y) = -20*y + 11*y + 4*y**2 - 1 + 12*y - 2*y**2. Determine h(-3).
8
Let s = 196 + -186. Let x(t) = t**2 - 9*t - 5. What is x(s)?
5
Let q(u) = -u**2 + 5*u - 4. Let b be q(4). Let a(y) = -4*y**2 + 5*y + 3. Let z(t) = -5*t**2 + 6*t + 2. Let m(f) = -4*a(f) + 3*z(f). What is m(b)?
-6
Let m(o) = -2*o + 7. Let j be ((-6)/(-9))/((-4)/(-42)). Let l(i) = 3*i - 10. Let t(y) = j*m(y) + 5*l(y). Let q be 30/(-135) - (-172)/(-36). Calculate t(q).
-6
Suppose -x - 4*a = 9 + 5, -4*x = 3*a + 4. Let h(m) = -3*m + 30*m**2 - 14*m**x + 9 - 15*m**2. Give h(6).
27
Let w(z) = -2*z - 6. Suppose 0 = -2*f - 5*l + 8 + 13, 2*f - 3 = l. Suppose -4*y - 14 = -2*r + 12, -f*y = 4*r - 8. Give w(y).
2
Let j(s) = -s + 2. Let d be j(2). Suppose -2*r + d*r - 12 = 0. Let o(a) be the third derivative of a**5/60 + a**4/6 - a**3 - 7*a**2 + 23. What is o(r)?
6
Let y(o) = 2*o + 8. Let d be (-21)/((-294)/28) - (11 - -1). Give y(d).
-12
Let o(l) = -l**3 - 7*l**2 + 4*l - 3*l + 2*l - l. Give o(-7).
-14
Let a(u) = -2*u**2 + 53*u - 2. Let i(s) = 3*s**2 - 45*s + 2. Let h(b) = -6*a(b) - 7*i(b). Calculate h(-1).
-8
Let j(u) = -u**3 - 3*u**2 - 2*u + 1. Let y(n) be the first derivative of n**4/4 - 7*n**3/3 + n**2/2 - 5*n - 11. Let s be y(7). Suppose -s*x - 4 = 2. Give j(x).
7
Let u(g) = -g**3 + 3*g**2 + 3*g + 5. Suppose -p - 14 - 15 = 0. Let w = p + 33. Determine u(w).
1
Let h(j) = -11*j**3 - 52*j**2 - 13*j - 3. Let r(g) = -5*g**3 - 24*g**2 - 6*g - 2. Let d(o) = -6*h(o) + 13*r(o). Determine d(0).
-8
Suppose -2*x = 3*x + 4*a - 61, -5*x - 2*a = -63. Let h(f) = -10*f - 10 + x*f - 2*f. What is h(0)?
-10
Let f(j) be the third derivative of 0*j + 0 + 44*j**2 + 2/3*j**3 + 1/24*j**4. What is f(4)?
8
Let y(i) = -5*i + 4. Suppose 4*g = 4*m + 24, -m = -4*g + 2 + 13. Calculate y(m).
19
Let v(y) = -y**3 + 17*y**2 + 4*y - 73. Let u be v(17). Let q(x) = 3*x + 7. Calculate q(u).
-8
Let a(f) = 3*f - 4. Let n(q) = 208*q + 208*q - 417*q. Let j(u) = -a(u) - 4*n(u). Suppose 3*x + 0*x + 5*b = -19, -10 = 5*b. Determine j(x).
1
Let q(k) be the second derivative of -3/2*k**2 + 1/2*k**3 + 0 - k. Suppose g + 40*x - 45*x + 8 = 0, -x = -2*g + 2. Determine q(g).
3
Let n be (-6)/15 - 6/15*-41. Let g(s) = -9*s**2 + s**3 + 9*s + 24 - n - 18. What is g(8)?
-2
Let t(j) be the second derivative of -j**4/12 - j**3/6 - 7*j**2/2 - 2*j - 22. What is t(0)?
-7
Let l = 1224 - 1227. Let i(g) = -10*g - 10. Give i(l).
20
Let i(t) = -157 + 44 + 50 + 7*t + 53 + 2*t**2. Determine i(-6).
20
Let p(x) = 4*x**2 + 143*x - 12. Let u(r) = -24*r + 2. Let f(c) = -p(c) - 6*u(c). Let i(g) = -g**3 + 4*g**2 + 6*g - 6. Let h be i(5). Determine f(h).
-5
Let r(b) = -b**3 + 11*b**2 + 4. Let c be r(11). Suppose -5*a = -2*y - 2, 0 = -5*y + 6*a - c*a - 5. Let q(p) = -21*p**2 - p - 1. Calculate q(y).
-21
Let z be (-6 - -16)*(-9)/2. Let g = -49 - z. Let c(k) = k**2 + 3*k + 1. Determine c(g).
5
Let i be -2 + (3 - (-1)/1). Let o(d) be the first derivative of 0*d - 9*d + 6*d - 2*d**i - 3 + 0*d. Give o(-4).
13
Let w(o) = -o**2 - 5*o. Let s be w(-4). Let m(u) be the first derivative of -u**4/4 + u**3 + 3*u**2 - 3*u - 1751. Determine m(s).
5
Let d(o) = -3*o**3 - 21*o**2 + 7*o - 29. Let s(a) = a**3 + 7*a**2 - 3*a + 9. Let k(c) = 2*d(c) + 7*s(c). Determine k(-8).
-3
Let h(q) be the third derivative of q**7/5040 - q**6/180 - q**5/12 + 12*q**2. Let k(o) be the third derivative of h(o). What is k(4)?
0
Let c be 3/1 + (-5 - -7). Suppose c*n - 3*j - 16 = j, -4*j = 16. Let h(w) = w + 3. Calculate h(n).
3
Let v(x) be the second 